- 2*w. What is g(a)?
-6
Let b(x) = -4*x + 4. Let t(d) be the first derivative of 9*d**2/2 - 7*d - 1. Let m be ((-5)/30)/((-2)/12) + 1. Let w(n) = m*t(n) + 5*b(n). Determine w(5).
-4
Let n(d) = -19*d + 34 + d**2 + 3*d - 30. Determine n(15).
-11
Let y(l) = l**2 + 7*l + 11. Let w(m) = -m**2 - 6*m - 11. Let a(b) = -2*w(b) - 3*y(b). Determine a(-9).
-11
Suppose -63*w + 55*w + 56 = 0. Let t(z) = -z**2 + 6*z - 2. Determine t(w).
-9
Let j(a) = -1 - a + 2 - 2. Let q(v) = -v**3 + 14*v**2 + v - 12. Let r be q(14). What is j(r)?
-3
Let w(g) = 2*g - 9. Let d(k) = 3*k - 13. Let i(q) = -5*d(q) + 8*w(q). Let m be (3 - 3)*(-1)/2. Determine i(m).
-7
Suppose -2*t = -u + 1, -3*u - t - 1 = -6*t. Let o(n) = -n**3 - 5*n**2 + 16*n + 14. Determine o(u).
0
Suppose 1191 = 5*g - 1929. Let s(o) = 2 + 617*o - g*o - 1. Determine s(1).
-6
Let d(i) = -2 - 5 + 0*i + 2 - i. Let z = -12 + 8. Let r be (-4)/(z/1) + -7. What is d(r)?
1
Let n = 46 - 34. Suppose 0 = -5*q - n - 23. Let w(b) = -b - 7. What is w(q)?
0
Suppose 8 = -4*z - 0, 4*z = -n - 1. Let i(f) = f**2 - 6*f - 10. Let j be i(n). Let o(g) = -g + 1. Let b(p) = -p + 1. Let h(s) = -6*b(s) + 5*o(s). Give h(j).
-4
Let w(d) = -d**2 + d - 1. Let c(h) = -4*h**2 + 6*h - 10. Let p(b) = c(b) - 3*w(b). Determine p(3).
-7
Let q be (-39)/33 - 10/(-55). Let f(s) = 4*s**2 + 1. Let c be f(q). Let z(j) = j**3 - 5*j**2 + 3*j + 7. What is z(c)?
22
Let m be ((-2)/(-6))/(24/36)*10. Let k(j) be the second derivative of j**3/6 + 2*j**2 + j. Determine k(m).
9
Let n(y) = -y**3 + y**2 - y - 12. Let l be n(0). Suppose -87 = -w - 90. Let q be w*(-4)/l - 6. Let h(z) = -z**2 - 6*z + 5. Determine h(q).
-2
Let f(b) = -5*b**3 + 11*b**2 + 3*b + 6. Let z(o) = o**3 + o + 1. Let r(y) = -f(y) - 6*z(y). Calculate r(-10).
-22
Let j(x) = 2*x**3 - 3*x**2 - 5*x - 6. Let o(p) = p**3 + p**2 - p. Let d(b) = j(b) - 3*o(b). Suppose -2*m = -5*i - 8, -m + 1 + 1 = -2*i. Calculate d(m).
6
Let w(l) = -l**3 + 5*l**2 + 7*l - 2. Let o be w(6). Let f(r) = r + 11. Let n be f(-5). Let v(a) = 3*a + 0*a - n*a + 5*a. Give v(o).
8
Suppose 0 = -4*y - 3*s - 25, 4*y - 7 = -2*s - 37. Let u = -11 - y. Let r(a) be the second derivative of 4*a**3/3 - a**2/2 + 25*a. Determine r(u).
-9
Let o(f) = f**3 - 3*f**2 - 21*f + 28. Let n be o(-4). Let q(z) = -z**3 + 2*z**2 + z - 9. Calculate q(n).
-9
Let z(g) = -g**3 + 2*g**2 + g - 3. Suppose -19*x + 7*x + 48 = 0. Give z(x).
-31
Let m(y) = -35*y**2 - 41*y. Let o(a) = -22*a**2 - 27*a. Let f(j) = -5*m(j) + 8*o(j). Determine f(-9).
18
Suppose 20 = 4*r - 4. Let g(n) = n**2 - 9*n - 8. Let j(o) = -2. Let w(l) = g(l) - 5*j(l). Calculate w(r).
-16
Let z(o) be the second derivative of -o**5/20 + 3*o**4/4 - o**3 + 2*o**2 - o - 153. Determine z(8).
20
Let y(k) = k - 1. Let c be (-1*11)/(-34 - -33). Give y(c).
10
Let z(q) be the first derivative of 7*q**3 + q**2 + q + 166. Let s = -9 - -8. Calculate z(s).
20
Let j(d) = -2 + 16 - 22 - 4*d. Give j(-7).
20
Let m(v) = v. Suppose -4*y + 35 + 4 = 5*w, -4*y = 3*w - 33. Let t be 0 + (-115)/25 + y/10. Determine m(t).
-4
Let o = 1948 + -1948. Let q(g) be the third derivative of o + 1/120*g**6 + 1/6*g**3 + 1/24*g**4 + 0*g - 4*g**2 - 1/60*g**5. Give q(2).
7
Let f be 8 - (1 - 0 - 0 - -2). Let t(c) = -5 + 10*c**2 + c + 0*c - 6*c - 9*c**2. Give t(f).
-5
Let q(p) = p**3 + 7*p**2 + 6*p - 2. Suppose 5*w + 45 = 10*w. Let m = w + 11. Suppose -2 = -3*z - m. Give q(z).
-2
Let q(f) = 10*f**2 - 3*f. Let m(r) = -9*r**2 + 2*r. Let z(s) = -4*m(s) - 3*q(s). Suppose -6 = t + 2*t. Let n be (1/t)/(6/(-12)). Calculate z(n).
7
Let s(b) be the second derivative of b**3/6 - 27*b**2/2 + 8*b. Let m be s(22). Let g(v) = v**3 + 4*v**2 - 5*v - 3. Determine g(m).
-3
Let i(k) = k**2 - 16*k - 23. Let w be i(18). Suppose -n - 3 = -9. Let m(a) = n + 0*a + 12 - w + 2*a. Calculate m(-6).
-7
Let z be (2/(-4))/((-10)/60). Let n(q) = 53*q + 0 - 50*q + 1 - q**z - 3*q**2. Give n(-4).
5
Let i(j) be the third derivative of -j**6/120 - 7*j**5/60 - j**4/6 + j**3/2 + 114*j**2 + j. Let l(t) = -5*t - 1. Let s be l(1). What is i(s)?
-9
Let g(j) = 72*j + 322 - 648 + 327. Give g(1).
73
Let c(b) = b**2 + 5*b + 2. Let i = -19 + 15. What is c(i)?
-2
Let g(s) be the first derivative of -s**2/2 - s + 3. Let y(c) = c - 1. Let t(n) = -2*g(n) - y(n). What is t(-5)?
-2
Let f(b) be the first derivative of -b**4/4 - 4*b**3/3 + 3*b**2/2 + 4*b - 122. Let w = 12 - 16. What is f(w)?
-8
Let u(g) = -g**2 - 3*g + 31. Suppose -5*r - 40 = -b, -2*b + b - 9 = 2*r. Let z be u(r). Let a(f) = f**3 - 3*f**2 + 5*f - 4. Give a(z).
11
Let o(g) = -5*g + 10. Let j(t) = -t**3 - 10*t**2 - 10*t - 13. Let p be j(-9). Let a(h) = h - 1. Let z(b) = p*a(b) - o(b). What is z(6)?
0
Let c be 0 - (-33 + 2) - 1. Let k = c + -28. Let z(f) = -4*f + k*f**2 + 6*f + 8*f**3 - 7*f**3 + 1. What is z(-2)?
-3
Let x(v) = -18 - 8*v**2 - v**2 - 5*v + 28 - v**3. Give x(-8).
-14
Let j be ((-6)/(-10))/((-4)/40). Let i(c) = -2*c**2 - 13*c + 4. Give i(j).
10
Let b be 1/((-9)/(-63)) + -9. Let d(a) = -a + 2 + 1 + 6*a. What is d(b)?
-7
Let s be (-75)/11 - 2/11. Let w(z) = -3*z**3 + 5*z - 3. Let n(u) = -7*u**3 + 3*u**2 + 10*u - 5. Let g(k) = -2*n(k) + 5*w(k). What is g(s)?
9
Let b(j) be the first derivative of 17*j**2/2 - 4*j + 137. Calculate b(-2).
-38
Let b(o) be the third derivative of 3*o**4/8 + o**3/6 - 35*o**2. Calculate b(-2).
-17
Let o(c) = -4 - 1 - 360*c - 353*c + 715*c. Let p(q) = -q**3 + q - 2. Let m be p(-2). What is o(m)?
3
Let b(k) = 0 - 4*k - 5*k**2 - 2*k + 3 + 2*k - k**3. Let y = -66 + 47. Let q = 15 + y. What is b(q)?
3
Let o(t) = t**2 + 14*t - 35. Let u be o(-16). Let w(b) = -3*b + 5. Let h(c) = -c + 2. Let r(p) = 11*h(p) - 4*w(p). Give r(u).
-1
Let m be 4 + (-20)/15*3. Suppose -44 = 3*y - 5*s, m = 5*y + 4*s + 16 + 8. Let w(a) = -a**3 - 9*a**2 - 7*a + 6. What is w(y)?
-2
Let c(j) = j**3 - 7*j**2 - 5*j + 7. Suppose -l - 5*y - 33 = -55, 0 = 2*l + y - 17. Give c(l).
-28
Let o(l) be the second derivative of l**5/20 - 11*l**4/12 + 5*l**3/6 + 5*l**2/2 + 2*l + 25. What is o(11)?
60
Let s(t) be the second derivative of -t**5/20 + 5*t**4/12 + 7*t**2/2 - 497*t. Let c = -7 - -12. Give s(c).
7
Suppose 4*p - 19 = -3. Suppose 0 = 4*k - 2*z + 12, -3*k - 2*z - 3*z + p = 0. Let q be -4*(-3 - 3/k). Let w(i) = -i + 8. Give w(q).
2
Suppose -5*b - 4*a + 2*a - 78 = 0, a = 5*b + 81. Let m(d) = 2*d + 2. Let p be m(5). Let q = p + b. Let c(i) = -i**2 - 2*i. What is c(q)?
-8
Let d(s) be the first derivative of -13*s**4/2 - 2*s**3/3 + s - 86. Determine d(1).
-27
Let d(s) = 11*s - 53. Let f(p) = -3*p + 17. Let u(b) = -2*d(b) - 7*f(b). Give u(-6).
-7
Let v(y) be the first derivative of -y**2 + 11*y + 611. Give v(4).
3
Let f(w) be the third derivative of w**4/24 + 4*w**3/3 - 4*w**2. Determine f(-7).
1
Let i = 1 + -2. Let n be 4*1/14 - 33/(-7). Let s(t) = -10*t**2 - 7*t + 5. Let h(y) = 5*y**2 + 4*y - 3. Let a(g) = n*h(g) + 3*s(g). Calculate a(i).
-4
Let k(q) be the first derivative of 0*q + 3/2*q**2 + 0*q**4 - 6 + 1/3*q**3 - 1/120*q**6 - 1/30*q**5. Let u(x) be the second derivative of k(x). Calculate u(2).
-14
Let g(u) = 5*u + 2. Let b(p) = -p**3 + 11*p**2 - 2*p + 19. Let o be b(11). Give g(o).
-13
Let s be ((-6)/(-8))/(2/(-24)). Let a(p) = 3*p + 3. Let y(x) = 7*x + 7. Let m(r) = s*a(r) + 4*y(r). Give m(-1).
0
Let o = 3 + -6. Let z(w) = -5*w**2 + 2*w + 2. Let x(s) be the first derivative of 4*s**3/3 - s**2/2 - s - 3. Let d(n) = o*x(n) - 2*z(n). Calculate d(-1).
-2
Let p be (1 + -1)/((-3)/3 - 0). Let z(d) be the third derivative of 0*d**4 - 1/10*d**5 - 6*d**2 + 0*d**3 + p + 0*d. Give z(-1).
-6
Let i(l) = 6*l**2 + l + 2. Let o(f) = 17*f**2 - 10*f - 15. Let p(d) = -3*i(d) + o(d). Give p(-9).
15
Suppose -5*u + 3*b + 11 = -9*u, -3*u - 3*b - 12 = 0. Let q(l) = -4 + u - l + 7*l - 5*l. Calculate q(-3).
-6
Suppose -r + 6*r + 25 = 0, 3*w = -4*r - 26. Let p(x) = x + 3. Let i be p(w). Let c(s) be the second derivative of s**3/3 + s. Give c(i).
2
Let f(u) = u - 5. Suppose 2*m + 5*s = -2, 5*m - s - 16 = 6. Suppose g - 50 = -4*g. Suppose -m*p = -3*r - 16, 5*r - 10 = -5*p + g. Determine f(r).
-5
Let u(a) = 5 - 26*a - 9*a + 52*a - 20*a. Suppose 0 = -3*l - 5*c + 20, l - c - 2 = 2. Give u(l).
-10
Let c(r) be the third derivative of -r**5/30 - 5*r**4/24 - 5*r**3/6 + 2*r**2. Let p = -1 - -4. Suppose p*y - 14 = 2*m + y, 0 = -5*m - 2*y - 14. What is c(m)?
-17
Let d(b) 